e prime factors of 8142687?
3, 7, 4787
What are the prime factors of 116646?
2, 3, 19441
What are the prime factors of 1362484?
2, 103, 3307
What are the prime factors of 624104?
2, 13, 17, 353
List the prime factors of 653320.
2, 5, 16333
List the prime factors of 15084439.
3389, 4451
List the prime factors of 3757237.
11, 73, 4679
What are the prime factors of 18482877?
3, 7, 19, 5147
What are the prime factors of 316833?
3, 11, 9601
List the prime factors of 2665886.
2, 379, 3517
What are the prime factors of 288935?
5, 57787
List the prime factors of 8695.
5, 37, 47
List the prime factors of 13448592.
2, 3, 1153
List the prime factors of 451307.
19, 23753
What are the prime factors of 292939?
197, 1487
What are the prime factors of 27492119?
3671, 7489
What are the prime factors of 2164070?
2, 5, 23, 97
What are the prime factors of 5606631?
3, 207653
What are the prime factors of 19198048?
2, 599939
List the prime factors of 163995.
3, 5, 13, 29
What are the prime factors of 2301269?
2301269
List the prime factors of 3311623.
7, 473089
List the prime factors of 4833363.
3, 347, 4643
List the prime factors of 1814083.
1814083
What are the prime factors of 2838269?
7, 17, 23, 61
List the prime factors of 176046.
2, 3, 13, 37, 61
What are the prime factors of 1411?
17, 83
What are the prime factors of 937703?
13, 17, 4243
List the prime factors of 63388.
2, 13, 23, 53
List the prime factors of 3142859.
3142859
What are the prime factors of 13387478?
2, 13, 514903
List the prime factors of 659747.
11, 37, 1621
List the prime factors of 5492422.
2, 13, 211247
List the prime factors of 546820.
2, 5, 19, 1439
What are the prime factors of 339016?
2, 31, 1367
What are the prime factors of 378019?
378019
What are the prime factors of 205016?
2, 7, 523
List the prime factors of 4998942.
2, 3, 13, 7121
List the prime factors of 275895.
3, 5, 6131
List the prime factors of 87283.
7, 37, 337
What are the prime factors of 295378?
2, 147689
List the prime factors of 8574.
2, 3, 1429
List the prime factors of 2560440.
2, 3, 5, 19, 1123
What are the prime factors of 1133592?
2, 3, 149, 317
List the prime factors of 2558860.
2, 5, 97, 1319
What are the prime factors of 6101516?
2, 743, 2053
List the prime factors of 1233466.
2, 13, 47441
What are the prime factors of 1369492?
2, 342373
What are the prime factors of 1777684?
2, 444421
List the prime factors of 3181702.
2, 19, 101, 829
What are the prime factors of 1375936?
2, 21499
What are the prime factors of 6402130?
2, 5, 7, 91459
List the prime factors of 1051654.
2, 17, 30931
List the prime factors of 538882.
2, 269441
List the prime factors of 8137088.
2, 151, 421
What are the prime factors of 1278203?
1278203
What are the prime factors of 1808279?
11, 43, 3823
What are the prime factors of 8725085?
5, 19, 29, 3167
What are the prime factors of 247540?
2, 5, 12377
What are the prime factors of 72418?
2, 36209
List the prime factors of 18127338.
2, 3, 17, 43, 4133
What are the prime factors of 69255?
3, 5, 19
List the prime factors of 117632.
2, 919
What are the prime factors of 1091133?
3, 41, 2957
What are the prime factors of 3385108?
2, 17, 67, 743
List the prime factors of 659105.
5, 61, 2161
What are the prime factors of 992025?
3, 5, 4409
List the prime factors of 885800.
2, 5, 43, 103
List the prime factors of 14175806.
2, 661, 10723
What are the prime factors of 13144172?
2, 3286043
List the prime factors of 1420143.
3, 473381
List the prime factors of 370480.
2, 5, 11, 421
What are the prime factors of 985819?
985819
What are the prime factors of 1751852?
2, 191, 2293
List the prime factors of 68677.
7, 9811
What are the prime factors of 769969?
463, 1663
List the prime factors of 157603.
173, 911
What are the prime factors of 5144296?
2, 613, 1049
What are the prime factors of 669834?
2, 3, 11, 17, 199
List the prime factors of 1278107.
1278107
List the prime factors of 27036711.
3, 13, 67, 3449
What are the prime factors of 21381661?
7, 31, 98533
List the prime factors of 1464597.
3, 353, 461
What are the prime factors of 278056?
2, 34757
List the prime factors of 2430713.
541, 4493
What are the prime factors of 10573555?
5, 2114711
List the prime factors of 2401116.
2, 3, 73, 2741
List the prime factors of 11772851.
941, 12511
What are the prime factors of 201461?
13, 15497
What are the prime factors of 1251765?
3, 5, 27817
What are the prime factors of 509281?
509281
List the prime factors of 177023.
7, 11, 19
What are the prime factors of 1156659?
3, 7, 55079
What are the prime factors of 231631?
231631
List the prime factors of 58190.
2, 5, 11, 23
What are the prime factors of 1102759?
7, 263, 599
List the prime factors of 287137.
287137
List the prime factors of 604408.
2, 7, 43, 251
List the prime factors of 8092550.
2, 5, 23, 31, 227
What are the prime factors of 8114300?
2, 5, 53, 1531
What are the prime factors of 531474?
2, 3, 283, 313
List the prime factors of 3539689.
17, 208217
List the prime factors of 25577.
25577
List the prime factors of 395821.
29, 13649
List the prime factors of 351621.
3, 1447
What are the prime factors of 87292?
2, 139, 157
List the prime factors of 7037624.
2, 11, 79973
What are the prime factors of 134561?
7, 47, 409
What are the prime factors of 618680?
2, 5, 15467
List the prime factors of 230291.
230291
List the prime factors of 90868.
2, 22717
List the prime factors of 606911.
37, 47, 349
List the prime factors of 5187637.
7, 13, 109, 523
What are the prime factors of 82023?
3, 19, 1439
List the prime factors of 13183677.
3, 13, 281, 401
What are the prime factors of 83295?
3, 5, 617
List the prime factors of 1164300.
2, 3, 5, 3881
What are the prime factors of 206406?
2, 3, 11467
List the prime factors of 1341294.
2, 3, 223549
List the prime factors of 8150010.
2, 3, 5, 11, 24697
List the prime factors of 335178.
2, 3, 2069
What are the prime factors of 249343?
23, 37, 293
List the prime factors of 872668.
2, 29, 7523
What are the prime factors of 408007?
47, 8681
What are the prime factors of 415066?
2, 37, 71, 79
List the prime factors of 752179.
223, 3373
What are the prime factors of 3758959?
23, 163433
List the prime factors of 271288.
2, 33911
What are the prime factors of 496123?
496123
List the prime factors of 458165.
5, 43, 2131
What are the prime factors of 588360?
2, 3, 5, 4903
What are the prime factors of 5800189?
5800189
What are the prime factors of 209607?
3, 109, 641
What are the prime factors of 240610?
2, 5, 24061
List the prime factors of 7165094.
2, 3582547
What are the prime factors of 9692389?
7, 109, 12703
List the prime factors of 3160832.
2, 12347
What are the prime factors of 1101695?
5, 7, 31477
List the prime factors of 15791060.
2, 5, 47, 107, 157
What are the prime factors of 80464?
2, 47, 107
List the prime factors of 154657.
29, 5333
List the prime factors of 2578463.
2578463
List the prime factors of 1055014.
2, 527507
List the prime factors of 103913.
103913
List the prime factors of 1550960.
2, 5, 19387
List the prime factors of 336549.
3, 17, 6599
List the prime factors of 13077411.
3, 487, 8951
List the prime factors of 24255590.
2, 5, 19, 6719
List the prime factors of 336901.
336901
List the prime factors of 530011.
79, 6709
What are the prime factors of 1029060?
2, 3, 5, 5717
List the prime factors of 39300.
2, 3, 5, 131
List the prime factors of 433601.
7, 8849
What are the prime factors of 448769?
448769
List the prime factors of 208685.
5, 41737
List the prime factors of 1110491.
17, 65323
List the prime factors of 307620.
2, 3, 5, 1709
What are the prime factors of 2635137?
3, 292793
List the prime factors of 221166.
2, 3, 11, 1117
What are the prime factors of 295657?
173, 1709
List the prime factors of 499289.
7, 71327
List the prime factors of 446443.
19, 23497
What are the prime factors of 284994?
2, 3, 71, 223
List the prime factors of 335970.
2, 3, 5, 3733
List the prime factors of 916058.
2, 11, 13, 3203
What are the prime factors of 14343395?
5, 11, 251, 1039
What are the prime factors of 11008104?
2, 3, 523, 877
List the prime factors of 6974394.
2, 3, 7, 211, 787
What are the prime factors of 237167?
7, 17, 1993
What are the prime factors of 544169?
211, 2579
What are the prime factors